q - 24 - (3 - 0). Determine k(o).
-14
Let a be 48/168 - 3*3/7. Let q(y) be the second derivative of -y**5/4 - y**4/12 - y**3/6 - y**2/2 - y. Give q(a).
4
Let j be (-120)/(-21) + (-10)/(-35). Suppose -j*v - 2 + 38 = 0. Let z(s) = s**3 - 6*s**2 + s - 6. Calculate z(v).
0
Let u(x) = -x**2 - 6*x - 2. Let s(v) = -v**3 + 6*v**2 + 5*v + 21. Let w be s(7). Let m(j) = 2*j + 1. Let n be m(5). Let l = w - n. What is u(l)?
6
Let o(x) = x**2 - 10*x - 6. Let q = 40 - 37. Suppose -4*z - 7 + 3 = 0, 0 = 3*k - q*z - 33. Give o(k).
-6
Let d(p) = 29*p**2 + 26*p**2 + 2*p - 54*p**2 + 9 + 0. Calculate d(-6).
33
Let f(h) = h**2 + 6*h + 2. Let r be f(-3). Let v(p) be the second derivative of -5*p**2 + 0 - 1/3*p**3 + 17*p. Give v(r).
4
Let k = 19 + -32. Let t(n) = n + 31. Let s be t(k). Let i = 19 - s. Let m(o) = 4*o**2 - 2*o + 1. What is m(i)?
3
Let d(r) = -4*r**3 + r**2 - r - 4. Let g be d(-2). Suppose -2*v - g = -3*x - x, -5*x = v - 25. Let w(i) = -2*i + 9. Determine w(x).
-3
Suppose 0 = 3*o + 10*o + 26. Let g(d) = -d**3 + 6*d**2. Let b(q) = -2*q**2. Let p(s) = 4*b(s) + g(s). Give p(o).
0
Let r(i) be the second derivative of 3*i**5/20 - 3*i**4/4 + i**3/2 + 7*i**2/2 + i - 6. Let p(f) = -f**3 - f - 1. Let u(g) = -4*p(g) - r(g). Give u(-9).
-12
Let c(h) = -h**3 + 7*h**2 + 8*h - 9. Let z(t) = -t**2. Let v(o) = -c(o) - 2*z(o). Give v(6).
-3
Suppose -3*g - 20 = -0*g + i, -4*i + 22 = -5*g. Suppose -10 = -o - 7. Let u(m) = -4*m**3 - 5 - 9*m + 0*m + 3*m**o + 0*m**2 - 7*m**2. What is u(g)?
13
Let h(v) = v**2 + 2*v + 1. Suppose 4*l + 5 - 10 = -3*i, -l = 3*i - 17. Suppose 2 = -i*y - 5. Calculate h(y).
0
Let t(z) = 5*z**3 + z - 1963*z**2 + 1964*z**2 + 5*z**3 - 1. Suppose -p + 2*p + 2 = 5*l, p = 3. Give t(l).
11
Let y(m) be the second derivative of -m**4/6 + 5*m**3/6 - 9*m**2/2 + m - 228. Calculate y(6).
-51
Let t(x) = x**3 + 14*x**2 + 13*x + 7. Suppose -70*y - 689 = -17*y. Determine t(y).
7
Let g(w) be the second derivative of -w**3/6 + w**2 - 64*w. Give g(6).
-4
Suppose -y + 5*b - 5 = 0, 0*y - 5*y + b = -23. Suppose 0 = 3*q - y*p + 4, -6*q + 2*q + p + 6 = 0. Let w(c) = -25 + 26 - c**3 - c + 5*c**q - 2*c. Determine w(4).
5
Suppose -5*w = -z + 6*z - 45, 0 = 2*z - 10. Let k(v) = -v + 8. Determine k(w).
4
Let w(o) be the third derivative of -o**6/120 - o**5/12 + o**4/24 + o**3/3 - 5*o**2. Suppose z = 2*q - 4*z + 25, -8 = 4*q + 4*z. Give w(q).
-3
Let r(a) be the first derivative of a**7/840 + a**6/180 + a**5/60 - a**4/24 + 29*a**3/3 - 26. Let v(h) be the third derivative of r(h). What is v(-2)?
-5
Let f(n) = n**2 + 13*n + 1. Let r = 155 + -166. What is f(r)?
-21
Let h(b) = b**3 - 4*b**2 + b + 3. Let l(y) = -2*y + 3*y + y**3 - 3*y**2 + 7 + 12*y**2 + 5. Let t be l(-9). Give h(t).
-3
Let b(t) be the first derivative of t**3/3 + t**2 - t + 1488. Let q(s) = s**3 + 4*s**2 - 5*s + 3. Let f be q(-5). Calculate b(f).
14
Let v(z) be the first derivative of z + 16 - 2/3*z**3 + 0*z**2. Let m = 1 + -2. Give v(m).
-1
Let d(n) be the third derivative of n**7/2520 + n**6/360 + n**5/60 - 13*n**4/24 + 32*n**2. Let y(v) be the second derivative of d(v). What is y(-3)?
5
Let f(z) = -2*z**3 + z. Suppose -2*y - 67 = -2*l + 15, 3*l + 181 = -5*y. Let m = -39 - y. Determine f(m).
1
Let k be 7 - (1*-1 + (-13 - -13)). Let n(h) = h - 9. What is n(k)?
-1
Let k(g) = 9*g + 6*g + 3*g - 5 - 24*g - g. Determine k(4).
-33
Suppose v = -5*b + 4*v + 25, 33 = 4*b - 5*v. Let d(w) = -w**3 + 5*w**2 + w**b - 4*w**2 - w**2. What is d(0)?
0
Let a(f) = 7*f - 7. Let c(l) = 8*l - 6. Let p(r) = 5*a(r) - 4*c(r). Give p(7).
10
Let w(x) = -x - 1. Let f(h) = 8*h + 10. Let k(o) = f(o) + 6*w(o). Let t be 10/4*(-102)/(-85). Determine k(t).
10
Let q(c) = -3 + 3*c**2 - 3*c - 3*c**2 - c**2. Let x(j) = -j**3 + 6*j**2 + 5*j + 14. Let l be x(7). Suppose l = -r - 9*r - 30. Calculate q(r).
-3
Let c(y) = -y**2 - 10*y - 16. Let q(x) = x**2 + 10*x + 15. Let s(j) = 2*c(j) + 3*q(j). Suppose 2*k = 3*v - 18 - 3, 0 = 4*k - 3*v + 39. What is s(k)?
4
Let u(o) = 7*o + 1. Let n(z) = 13*z + 2. Let a(t) = 3*n(t) - 5*u(t). Let f be a(1). Let l(r) = r**3 - 5*r**2 + r - 4. Determine l(f).
1
Let d(i) be the third derivative of 7*i**4/12 + 7*i**3/6 - 2*i**2. Let v(s) = 5*s + 2. Let o = 114 + -125. Let q(z) = o*v(z) + 4*d(z). What is q(-6)?
0
Let x(t) = -2*t**2 + t**2 - 4 - 3 + 7*t. Suppose -n = 2*a - 0*a - 10, -3*n = 2*a - 10. Suppose 12 = a*u - 13. Calculate x(u).
3
Let r(i) = -i - 6. Let z(f) be the second derivative of -f**4/12 + 3*f**2/2 + 9*f. Suppose -4*d - 20 = -y - 3, 3*y + 24 = -3*d. Let o be z(y). Calculate r(o).
0
Suppose 0 = -2*q + 6, -2*u = -15*q + 11*q + 6. Let z(k) = -k**2 - 7*k + 36. What is z(u)?
6
Let t(f) = f**2 - 8*f + 6. Let u be t(7). Let l = u - -4. Let i(h) = -l + h + 2 + 1 + 2. Give i(5).
7
Let x(o) = -4*o**3 + 8*o**2 + 13*o. Let i be (11/((-11)/10))/(-2). Let b(w) = -5*w**3 + 8*w**2 + 14*w - 1. Let q(p) = i*b(p) - 6*x(p). Determine q(-7).
2
Let h be 5 + 0/4 - -2. Suppose 2*b = -4*a + 6, -4*a + 16 = 5*b + h. Let l(w) = 13*w + 1. Calculate l(b).
14
Let o be (1 - -1)*-1*3. Let y(b) = -b**3 + 4*b**2 + 3*b + 9. Let s(m) = -m**3 - m**2 + m + 1. Let a(x) = 2*s(x) - y(x). Give a(o).
-1
Let r(n) = 7*n + 10. Let u(i) = 8*i + 12. Let w(d) = 3*r(d) - 2*u(d). Give w(0).
6
Let p(s) = 8*s - 5. Suppose -17*y - 70 = -2. What is p(y)?
-37
Let g(d) be the third derivative of d**6/120 + d**5/20 - d**4/8 + d**3/2 + 7*d**2 - 5. Calculate g(-4).
-1
Let m(r) be the third derivative of -r**5/60 + r**4/8 - 2*r**3/3 - 2*r**2 + 15*r. Determine m(5).
-14
Let l(r) be the first derivative of -r**4/4 + 2*r**3/3 + 7*r**2/2 + 512. Determine l(4).
-4
Let z(c) be the second derivative of 0 - 1/2*c**3 + 1/2*c**2 - 1/12*c**4 - 5*c. Determine z(-5).
-9
Suppose -5*y - 28 = -g, -g + 22 = -4*y - 0*g. Let q(p) = 21*p**2 - p + 26*p**2 - 5*p - 42*p**2 + 7 + p**3. Give q(y).
7
Suppose 24 + 26 = 5*a. Let w(f) be the first derivative of -f**2/2 + 16*f + 15. Let j be w(a). Let d(p) = -p**2 + 5*p + 4. Calculate d(j).
-2
Let d(v) be the second derivative of v**3/3 + 3*v**2 - 10*v + 4. Give d(-5).
-4
Let z = -2 + 9. Let q(u) = -3*u**3 + 6*u**2 - 5*u + 1. Let r(c) = -13*c**3 + 23*c**2 - 19*c + 3. Let i(d) = -9*q(d) + 2*r(d). Calculate i(z).
-3
Let x = 28 - 0. Let y = 25 - x. Let i(l) = 8*l. Give i(y).
-24
Suppose 5*v - 24 = -9. Let z(p) = -2*p**3 + 2*p**2 - 2*p - 3. Determine z(v).
-45
Let o(s) be the second derivative of 0 - 1/2*s**2 + 10*s - 7/6*s**3. Give o(1).
-8
Let r(o) = 3 - o - 2 - 9*o**2 - 103*o**3 + 102*o**3. Give r(-9).
10
Let j(y) be the second derivative of -14*y - 1/6*y**3 + 0 + 0*y**2. Calculate j(-4).
4
Let k(m) = -m**3 - 11*m**2 + m + 2. Let s be 2 + (-4)/(44/143). Calculate k(s).
-9
Suppose -4*a + 0*a + 4*s = -4, -2*a - 3*s + 12 = 0. Let c(w) = 3*w - a - 4 - 2*w. Let g(d) = -42*d + 381. Let i be g(9). Give c(i).
-4
Let d be (7 - 15) + 3 - 1. Let b(k) = k**3 + 5*k**2 - 10*k - 9. Determine b(d).
15
Let y(z) = 2 + 0 + z + 1. Let o = 7 - -6. Let b = 7 - o. Calculate y(b).
-3
Let r(m) be the third derivative of -m**4/24 - m**3/3 + 195*m**2. Calculate r(4).
-6
Let k(l) = l**2 + 7*l + 6. Let a be k(-5). Let w(s) = 346*s**2 - 692*s**2 + 347*s**2 + 3*s - 1. What is w(a)?
3
Let d(s) = 8 - 3*s + 4*s - 1 + 0*s. Suppose -5*n + 1 = i - 14, 0 = 2*i + 3*n - 9. Give d(i).
7
Let b(h) be the second derivative of 0 + 3*h**2 + 0*h**3 + 24*h - 1/12*h**4. Determine b(0).
6
Let z be 591/6 - 1/(-2). Let t(f) = z - 85 - f**2 + 4*f + 10*f. Let b be t(15). Let j(d) = 11*d. Determine j(b).
-11
Suppose -2*v + 4*v = -12. Let t be 7 + 1/(4/(-8)). Let j(l) = -2*l**2 + l**3 - 27*l + t*l**2 + 6 + 3*l**2 + 29*l. What is j(v)?
-6
Let a be ((-150)/2)/(4 - 5). Suppose -2*h - a = -7*h. Let l be (2/3)/((-5)/h). Let j(g) = g**2 - 2*g - 3. Calculate j(l).
5
Let f(p) = p**3 - 5 - 46*p + 29*p + 6*p + 3*p**2. Determine f(-5).
0
Let c(p) = -2*p - 9. Let a be ((-7)/1)/(0 + -1). Suppose -3*g - a - 2 = 3*d, -18 = 5*g + 4*d. Let m be c(g). Let s(u) = -u**3 + u**2 + 3*u + 1. Give s(m).
-8
Let z(w) = -4*w + 12. Let j = -1125 - -1129. Calculate z(j).
-4
Let d = -14 + 21. Let a(y) = 7 + d - y**2 + 3*y - 7. Let j(v) = -386*v + 16217. Let p be j(42). What is a(p)?
-3
Let z(k) = 4*k**2 + 1. Let i be z(1). Let u(y) = -8 - y**3 + 7 + 7*y + 4*y**2 + 11*y - 14*y. Calculate u(i).
-6
Let h be 9 + (24/(-3))/(-4). Let l = 9 - 6. Let